+ c/(-4) + 0?
9
Let l(d) = -d**2 - 4*d + 3. Let v be l(-4). Suppose -v*p + 12 = p. Suppose -2*j + p = -j. What is the units digit of j?
3
Let j be (-135)/30*80/(-6). What is the units digit of (52/(-6))/((-8)/j)?
5
Let j = -101 - -595. What is the tens digit of j?
9
Let x(k) = k**3 + 26*k**2 - 21*k - 35. What is the tens digit of x(-18)?
3
Let u(f) = 2*f**2 - 19 + f**2 - 19*f - f**2 + 6*f. What is the units digit of u(10)?
1
Let n be (-4 - (-12 + -4))*56/6. What is the units digit of (-4 - -1) + n + -14?
5
Let a be 189/2 - (-2)/4. Suppose r = 6*r - a. What is the tens digit of r?
1
Let i(b) = 10*b - 33. Let k(v) = 3*v - 11. Let w(l) = -l**2 - 7. Let r be w(0). Let g(z) = r*k(z) + 2*i(z). What is the tens digit of g(-10)?
2
Let d be (4/(-8))/((-4)/16). Suppose d*s = 3*s - 132. Let t = s + -83. What is the units digit of t?
9
Let n = 305 + 145. Suppose 4*k - 6*t = -4*t + n, 5*k + t = 573. What is the hundreds digit of k?
1
Suppose 2*t = -5*h + 4*h + 44, -68 = -2*t + 5*h. Let o be ((-16)/(-48))/(2/t). Suppose 56 = 4*d - o*i, 2*d + 0*i - i = 28. What is the tens digit of d?
1
Let p(o) = -7*o + 17. What is the units digit of p(0)?
7
Let f(d) = -d**3 + 3*d - 4. Suppose 3*v + 4*u + 13 = 0, 3*u + 8 = -4*v - 7. What is the tens digit of f(v)?
1
Let p(a) = -58*a + 14. Let c be p(-4). Suppose -98*t - c = -101*t. What is the units digit of t?
2
Let z(k) = k**3 + 7*k**2 + 7*k + 2. Let u be z(-6). Let p = u - -42. Suppose 0 = 2*w - 2*v - p, -5*v = w - 5 - 14. What is the tens digit of w?
1
Let o(y) = y**3 - y**2 - y + 1. Let m(w) = -4*w**3 + 8*w**2 + 4*w - 2. Let r(l) = -m(l) - 6*o(l). Let x be r(3). What is the units digit of x/5*(-1)/2?
7
Let m be ((3/2)/1)/(8/16). Suppose 0 = d + 2*k - 39, 4*k = 3*d + m*k - 103. What is the tens digit of d?
3
Let v(s) = 13*s - 13*s**2 + s**3 + 19 + 0*s**3 + 3*s - 2*s. What is the tens digit of v(12)?
4
Let l = -17 - 614. Let t = -423 - l. What is the units digit of t?
8
Let y be (0 - -4) + 84 + -23. Let d = 237 - y. What is the tens digit of d?
7
What is the hundreds digit of 820 - (-1 + 21/3)?
8
Let h be ((-6)/8)/((25/(-240))/5). Suppose 2*m + 18 = 2*w + 2*w, -4*w = m - 9. Suppose w*n = 6*n - h. What is the units digit of n?
2
Let z(s) = 194*s**2 + 13*s - 18. What is the tens digit of z(2)?
8
Let k = -92 - -91. What is the units digit of (6 + -3)*1/(k/(-55))?
5
Suppose -2*a + t = -5641, -7*a - 2*t = -4*a - 8458. What is the units digit of a?
0
Let t = 8 - -9. Let s = t + -12. Suppose -3*f - 76 = -s*o, 4*f - f = 9. What is the tens digit of o?
1
Suppose -201*y - 3417 = -218*y. What is the units digit of y?
1
Suppose -2*l = -o - 759, -8*l + 5*o = -3*l - 1900. What is the hundreds digit of l?
3
Let t be (((-28)/(-12))/(-7))/((-2)/6). What is the tens digit of ((-264)/28)/(t/(-7))?
6
Let g(j) = -j**3 - 5*j**2 - 3*j + 9. Suppose 5*z + 20 = -0*z. Let n be g(z). Suppose -101 - 94 = -n*t. What is the tens digit of t?
3
Let p(q) = q + 1. Let a be p(3). Suppose -d = 4*t, -a*d = -t + 2*t + 45. What is the units digit of (-1)/(-2)*d/(-6)?
1
Suppose 3*x + 12 = 0, 1962 = 2*c - 2*x + 206. What is the hundreds digit of c?
8
Let a = 1178 - 376. What is the units digit of a?
2
Suppose 0*y + 7 = y + 3*i, 5*y - 2*i = 35. Let a = 36 - 19. What is the tens digit of (y - 7) + a*1?
1
Let l(m) = -54*m - 986. What is the thousands digit of l(-82)?
3
Let s = -2 + -14. Let z = s - -35. What is the tens digit of z?
1
Suppose -4 = 5*g - 10*g + n, 2*g + n + 4 = 0. Suppose g = j + 4 - 32. Suppose -8 = -4*d + j. What is the units digit of d?
9
Let n(s) = 56*s**2 + 25*s - 47. What is the units digit of n(4)?
9
What is the tens digit of -3 + (4 - 2936)/(-2)?
6
Suppose 5*n = 7565 + 1885. What is the tens digit of n?
9
Suppose 0 = 3*x + 32 - 44. Suppose 0 = d - x*m - 30, -169 = -8*d + 3*d + m. What is the tens digit of d?
3
Let w = 473 + 637. What is the thousands digit of w?
1
Let h(j) = 48*j + 48. Let d(m) = -3*m - 3. Let i(a) = 33*d(a) + 2*h(a). Let p be i(-2). Suppose p*y - 108 = y. What is the tens digit of y?
5
Suppose -354 = -10*l + 12*l. Let h = 8 - l. What is the units digit of h?
5
What is the hundreds digit of (273/18)/(59/1062)?
2
Suppose -2*q - 3*f = 136 - 2154, -2*f = -5*q + 5045. What is the units digit of q?
9
Let a = 42 + -2. What is the units digit of (3/(-3))/((a/(-1275))/8)?
5
Let l = 434 + -176. Suppose -x + 4*x = l. What is the units digit of x?
6
Let o = -1135 - -1626. What is the hundreds digit of o?
4
Let x = 1533 - 844. What is the tens digit of x?
8
Let n(t) = -t**3 - 1. Suppose 6 = -5*u - 5*p - 4, 5*u = -2*p - 4. Let k be n(u). What is the units digit of -34*(10/(-4) - k)?
1
Suppose u - 575 - 78 = 0. What is the tens digit of u?
5
Let p(g) = -g**3 - 5*g**2 + 8*g + 8. Let a be p(-6). What is the units digit of (2 - 12)*a/10?
4
Suppose -6*x = -10*x - 1776. Let v = -280 - x. What is the units digit of v?
4
Let f be 6/10 - 702/(-30). Suppose 5*i + f = 4. What is the tens digit of i/6*414/(-12)?
2
Suppose 6 = 4*r - 58. Suppose -2*n = -3*k - r, -3*n + 2*k = -13 - 11. What is the units digit of n?
8
Let q be (14/(-4 + 2))/(-1). Suppose -j + 26 = -q. Suppose 1 = r + 3*g + 6, 3*r - 3*g = j. What is the units digit of r?
7
Suppose -2*q = q. Suppose q = g - 1 - 11. What is the tens digit of 17 + 4/(16/g)?
2
Let p(v) = v**2 - 2*v + 142. Let r be p(0). Suppose 5*f + r - 502 = 0. What is the units digit of f?
2
Suppose 0 = 2*p - 403 - 905. What is the hundreds digit of p?
6
Suppose 3 = 4*y - 5. Suppose -a - y*x = 6, -3*x = -2*a - 0*x + 16. Suppose m - 7 = h, a = 2*h - 2. What is the units digit of m?
9
Suppose -3*n - 2*n - 340 = -4*f, f = 3*n + 211. Suppose -2*r = 139 - 49. Let b = r - n. What is the tens digit of b?
2
Let n = -486 + 871. What is the tens digit of n?
8
Let x = -28 + 27. Let k(h) = 23*h**3 - h**2. Let m be k(x). Let q = 41 + m. What is the units digit of q?
7
Let r(y) = 19*y**2 - 10*y - 70. What is the units digit of r(-7)?
1
Suppose 14*m - 16*m + 36 = 0. Suppose 3*u - 2*v - m = u, 14 = 2*u - v. What is the units digit of u?
5
Suppose -12 = n - 5*r + 16, 4*n + 3*r = -43. Suppose 4*k - 90 = -110. Let f = k - n. What is the units digit of f?
8
Let n be 4 + (2 + 1)/(-3). Suppose -n*u - 5*o = -159 - 7, -224 = -4*u - 4*o. What is the units digit of u?
7
Let w(u) = u + 3 + 3*u**2 - 2*u + 15*u**2. What is the units digit of w(-2)?
7
Suppose -4*l = l. Suppose -37 = -l*m - m. Let p = 54 - m. What is the units digit of p?
7
Suppose -3*h = -0*h - 228. Let m = 121 - h. What is the units digit of m?
5
Suppose 8929*d - 33480 = 8921*d. What is the thousands digit of d?
4
Let h(w) = 2*w**2 - 3. Let f be h(-2). Suppose -5*s = -2*o - 22, 2*o - 27 - f = -4*s. Suppose 0 = n - s + 3. What is the units digit of n?
3
Let n = 3557 - 1648. What is the thousands digit of n?
1
Suppose -18 = -4*q + q. Suppose -q*k + 398 = -76. What is the units digit of k?
9
Let x = 3977 - 2182. What is the hundreds digit of x?
7
What is the tens digit of (2 - 1424/12)*-3?
5
Suppose 3*s + 2 = 4*s, -s + 8 = -r. Let j(u) = u**3 + 7*u**2 + 7*u + 5. Let z be j(r). What is the tens digit of -2 + 0 + (-16)/z?
1
Suppose 42240 = 14*q + 18*q. What is the hundreds digit of q?
3
What is the units digit of -1 + 2 - 120*(-15)/10?
1
Let g = 3 - 1. Suppose 0 = -g*j + 144 + 140. What is the units digit of j?
2
Let p(b) = 6*b + 94. Let y(k) = k + 19. Let a(q) = -3*p(q) + 14*y(q). What is the tens digit of a(-7)?
1
Let j(t) = 5*t - 7 + 33 + 3*t. What is the tens digit of j(15)?
4
Let g(c) = c**2 + 6*c + 10. Let j be g(-4). Let k = 19 + j. Suppose 0 = 3*d - 39 - k. What is the units digit of d?
0
Suppose 0 = -5*h - a - 3361 + 11453, -4*a = 4*h - 6480. What is the units digit of h?
8
Suppose 4*x - 5*n - 4647 = 0, 4*x - 4697 = -4*n - n. What is the hundreds digit of x?
1
Let x be (588/5)/(1/10*2). Suppose 5*d - x = 142. What is the units digit of d?
6
Suppose -192 - 34 = -i. Suppose 7*m - 208 = i. What is the tens digit of m?
6
Let d(g) = g**3 + 3*g**2 + 5*g + 949. What is the tens digit of d(0)?
4
Let s(q) = 4*q - 10. Let g be s(3). Suppose 3*w + 10 - 221 = -4*j, j + g*w = 49. What is the units digit of j?
5
Let j(x) = x**3 - 3*x**2 + 4*x - 6. Let u be j(4). Let r(h) = -h**2 + 5*h + 3. Let d be r(6). Let y = u + d. What is the units digit of y?
3
Suppose -5*q + 1462 = 4*p + 140, -527 =